130 + -1?
-11131
In base 14, what is -8 - -18d?
185
In base 12, what is 5 - -210?
215
In base 11, what is -52 - 1a?
-71
In base 8, what is -60 - 2?
-62
In base 15, what is 0 + -1902?
-1902
In base 14, what is 2a + -2?
28
In base 5, what is 4 + -24011?
-24002
In base 8, what is -4102 - 0?
-4102
In base 8, what is 7 + 63?
72
In base 8, what is -16 + 0?
-16
In base 11, what is -1 - 48?
-49
In base 12, what is 0 - 6b7?
-6b7
In base 3, what is -12 + -2201122?
-2201211
In base 15, what is -2 - 1ec?
-1ee
In base 8, what is -3 - 57?
-62
In base 8, what is 1 - 6440?
-6437
In base 11, what is -2 + 951?
94a
In base 7, what is 23055 + 0?
23055
In base 13, what is -5 - -125?
120
In base 3, what is -10 + -2122201?
-2122211
In base 7, what is -121 - -13?
-105
In base 6, what is -5 - -41101?
41052
In base 13, what is 5 - 57?
-52
In base 11, what is 2 + 61?
63
In base 16, what is 32d - -3?
330
In base 10, what is -269 + -3?
-272
In base 13, what is -785 + 0?
-785
In base 10, what is -5 + -23?
-28
In base 5, what is 4 + -413?
-404
In base 4, what is -130332 + -3?
-131001
In base 13, what is 1 + -2286?
-2285
In base 11, what is -3 - -6421?
6419
In base 14, what is 3 + -12bb?
-12b8
In base 9, what is -2 + 3?
1
In base 11, what is -30 + 4?
-27
In base 15, what is -1 + 1d?
1c
In base 6, what is -4 - -213?
205
In base 9, what is -424 + -4?
-428
In base 12, what is 9 - -9b?
a8
In base 10, what is 571 + 12?
583
In base 8, what is 10254 + 3?
10257
In base 11, what is 0 - -445?
445
In base 16, what is -6 - 26?
-2c
In base 4, what is -1 + -2023?
-2030
In base 16, what is -11 + 39?
28
In base 5, what is 202010 + -3?
202002
In base 3, what is -2020001 - 12?
-2020020
In base 13, what is -1 + 36?
35
In base 13, what is -84 - -101?
4a
In base 11, what is a + 100?
10a
In base 7, what is 1 - -115?
116
In base 9, what is 50 - 12?
37
In base 2, what is 11 + 110111?
111010
In base 7, what is 332160 + -4?
332153
In base 6, what is 0 + 5053?
5053
In base 11, what is -2 - 9?
-10
In base 11, what is -46 - 1?
-47
In base 5, what is 23 + 4010?
4033
In base 8, what is -2 - -3151?
3147
In base 8, what is -45 + -223?
-270
In base 10, what is 15 + -92?
-77
In base 7, what is -4 + 122?
115
In base 6, what is -1 + -151?
-152
In base 15, what is bc + 1?
bd
In base 12, what is 2 - -37?
39
In base 4, what is 13212 + 10?
13222
In base 14, what is -9 + -13?
-1c
In base 4, what is 0 + 1033103?
1033103
In base 11, what is -121 - 15?
-136
In base 11, what is 3 + 71?
74
In base 6, what is -2 - 12401?
-12403
In base 3, what is 12010 - 121?
11112
In base 4, what is 333211 - -2?
333213
In base 6, what is 10113 + -1?
10112
In base 15, what is a9 - -9?
b3
In base 12, what is 3 + -84?
-81
In base 7, what is 252 - -2?
254
In base 16, what is -12d + -2?
-12f
In base 6, what is -1111 - -5?
-1102
In base 6, what is -5 + 30?
21
In base 13, what is -1b - -13?
-8
In base 4, what is 323 - 200?
123
In base 9, what is -4 - 1001?
-1005
In base 3, what is 102 - 112021?
-111212
In base 15, what is 5d + 1c?
7a
In base 14, what is 93d - -4?
943
In base 15, what is 11 + 120?
131
In base 2, what is -100 - 10011110?
-10100010
In base 9, what is -344 + -2?
-346
In base 6, what is 20 - 220?
-200
In base 15, what is 2e - -94?
c3
In base 14, what is -4 + -14?
-18
In base 16, what is 4d8 - -5?
4dd
In base 13, what is -1177 - -3?
-1174
In base 2, what is 101101 + -10111?
10110
In base 12, what is 4 + 1898?
18a0
In base 11, what is 5 - 1787?
-1782
In base 12, what is -8 + -42?
-4a
In base 3, what is -12 - -211002?
210220
In base 2, what is 0 + -1010010100?
-1010010100
In base 3, what is 0 - 120?
-120
In base 15, what is c + 16?
23
In base 13, what is 323 - -3?
326
In base 11, what is 4 + -5?
-1
In base 11, what is 3 - -426?
429
In base 14, what is 38 - -8?
42
In base 10, what is 160 - 0?
160
In base 8, what is -7 + 1551?
1542
In base 2, what is 11010001111 - -111?
11010010110
In base 13, what is -1 - 3b8?
-3b9
In base 15, what is -5 - -1c91?
1c8b
In base 14, what is 6983 + -1?
6982
In base 6, what is 4 - 0?
4
In base 12, what is 70 + 4?
74
In base 13, what is a - -1b?
28
In base 13, what is -a - -3?
-7
In base 8, what is -723 + 4?
-717
In base 6, what is 1 + 233?
234
In base 9, what is 257 + 5?
263
In base 7, what is 61 + -2?
56
In base 3, what is -111210 - -2?
-111201
In base 10, what is 52 + 0?
52
In base 12, what is 12a - 3?
127
In base 14, what is -39 - 2?
-3b
In base 10, what is -5 + -69?
-74
In base 11, what is -16 - -65?
4a
In base 16, what is 3 - 18c?
-189
In base 2, what is 111 - 1100?
-101
In base 15, what is -d4 + -21?
-105
In base 3, what is 11 + 1?
12
In base 2, what is 101 - 110011111?
-110011010
In base 6, what is -13002 + -3?
-13005
In base 14, what is 3 + 4b?
50
In base 12, what is 2 - 207?
-205
In base 16, what is -5 - -132?
12d
In base 8, what is -4 + 5460?
5454
In base 16, what is a4 + 0?
a4
In base 5, what is 31 - 3011?
-2430
In base 12, what is -1 + 42?
41
In base 12, what is -b + 68?
59
In base 12, what is 9 - 15?
-8
In base 9, what is 206 - -5?
212
In base 13, what is 16 + -21?
-8
In base 4, what is -3 - 33130?
-33133
In base 9, what is 10 + 2454?
2464
In base 3, what is -1102 + 1010?
-22
In base 16, what is -3c + -3?
-3f
In base 12, what is 2a + 17a?
1a8
In base 7, what is 30 + -444?
-414
In base 2, what is 1000 + -10?
110
In base 13, what is 134 - 13?
121
In base 10, what is -1344 - 7?
-1351
In base 6, what is -21231 + 10?
-21221
In base 5, what is 4 - 12341?
-12332
In base 4, what is 3003 - -11?
3020
In base 15, what is 1 - 71?
-70
In base 7, what is 2 - -1642?
1644
In base 6, what is -140 - -303?
123
In base 11, what is 4a8 + -4?
4a4
In base 4, what is -1020 + -31?
-1111
In base 11, what is -3 - -297?
294
In base 4, what is 2 + -13120?
-13112
In base 14, what is -149 + 5?
-144
In base 14, what is -4 + 112?
10c
In base 5, what is 3213 - 0?
3213
In base 6, what is 120103 + 5?
120112
In base 9, what is 6 + -30?
-23
In base 8, what is 521 + -10?
511
In base 7, what is 1 + -35?
-34
In base 5, what is 2430 - 10?
2420
In base 7, what is 1006 + -4?
1002
In base 5, what is -310 - 3?
-313
In base 4, what is -333 - -1?
-332
In base 13, what is -c1 - -3?
-bb
In base 10, what is -190 + -13?
-203
In base 4, what is -233 + 32?
-201
In base 9, what is 13650 - 5?
13644
In base 9, what is 1015 - -5?
1021
In base 10, what is 1 + 1234?
1235
In base 15, what is 1c4 + 2?
1c6
In base 10, what is 0 - 318?
-318
In base 15, what is 1 + 1?
2
In base 2, what is -1101010010 + -10?
-1101010100
In base 7, what is 2054 - 5?
2046
In base 8, what is -3 + -315?
-320
In base 5, what is 3300 + 2?
3302
In base 12, what is -4 - b?
-13
In base 12, what is -5 + -533?
-538
In base 2, what is -11101010 - -10010001?
-1011001
In base 14, what is -18 - -5?
-13
In base 15, what is -3 + c?
9
In base 3, what is 2012210 + -2?
2012201
In base 10, what is 236 - 1?
235
In base 14, what is -2 - 178?
-17a
In base 2, what is 1 + -10011?
-10010
In base 13, what is 2 + 329?
32b
In base 11, what is -2 - 269?
-270
In base 7, what is 2 - -153?
155
In base 15, what is 1c3 - 22?
1a1
In base 3, what is 12222 - -11?
20010
In base 10, what is 30 + 108?
138
In base 10, what is 1133 + 3?
1136
In base 9, what is 325 - -4?
330
In base 12, what is 1 - -4?
5
In base 4, what is -2010131 + -1?
-2010132
In base 4, what is 102 - -11?
113
In base 12, what is -5 + -96a?
-973
In base 11, what is -a1 + -1?
-a2
In base 3, what is -21 - 1100?
-1121
In base 5, what is 430 + 0?
430
In base 12, what is -1 - -70?
6b
In base 10, what is 4 - -1522?
1526
In base 14, what is 320 + 4?
324
In base 2, what is -1100101 - 1?
-1100110
In base 10, what is -3456 - 1?
-3457
In base 13, what is 4 - 56?
-52
In base 16, what is -c6 - 6?
-cc
In base 8, what is 2264 - 3?
2261
In base 7, what is -4 + 42?
35
In base 14, what is -5 - 1600?
-1605
In base 8, what is -3 - 5122?
-5125
In base 9, what is -3 + 2432?
2428
In base 11, what is 27a + -4?
276
In base 10, what is -142 + 2?
-140
In base 5, what is 1 + -211?
-210
In base 7, what is 2364 + 0?
2364
In base 15, what is -5 + 57?
52
In base 2, what is 100 - -11001100111?
11001101011
In base 7, what is 251 + 2?
253
In base 7, what is -3 + -16?
-22
In base 11, what is -a + 96?
87
In base 4, what is 3 - 3?
0
In base 15, what is -28 - -4?
-24
In base 13, what 